{"id":10568,"date":"2020-06-16T12:26:14","date_gmt":"2020-06-16T12:26:14","guid":{"rendered":"http:\/\/www.yenisehirtso.org.tr\/v5\/?page_id=10568"},"modified":"2022-03-08T11:30:13","modified_gmt":"2022-03-08T11:30:13","slug":"dernek-vakif-ve-benzeri-isletmeler","status":"publish","type":"page","link":"https:\/\/www.yenisehirtso.org.tr\/v5\/dernek-vakif-ve-benzeri-isletmeler\/","title":{"rendered":"Dernek, Vak\u0131f ve Benzeri \u0130\u015fletmeler"},"content":{"rendered":"<p><strong>F.50 DERNEK-VAKIF VE BENZER\u0130 \u0130\u015eLETMELER<\/strong><\/p>\n<p><strong>F.50.1 DERNEK \u0130KT\u0130SAD\u0130 \u0130\u015eLETMES\u0130<\/strong><\/p>\n<p><a href=\"https:\/\/www.yenisehirtso.org.tr\/v5\/wp-content\/uploads\/2020\/06\/F.50.1-Dernek-\u0130ktisadi-\u0130\u015fletmesi-Kay\u0131t-Evraklar\u0131-D\u00f6k\u00fcman\u0131.doc\">F.50.1 Dernek \u0130ktisadi \u0130\u015fletmesi Kay\u0131t Evraklar\u0131 D\u00f6k\u00fcman\u0131<\/a><\/p>\n<p><a href=\"https:\/\/www.yenisehirtso.org.tr\/v5\/wp-content\/uploads\/2020\/06\/F.50.1.1-Dernek-\u0130ktisadi-\u0130\u015fletmesi-Tic.Sic_.-Evraklar\u0131.doc\">F.50.1.1 Dernek \u0130ktisadi \u0130\u015fletmesi Tic.Sic. Evraklar\u0131<\/a><\/p>\n<p><a href=\"https:\/\/www.yenisehirtso.org.tr\/v5\/wp-content\/uploads\/2020\/06\/F.50.1.2-Dernek-\u0130ktisadi-\u0130\u015fletmesi-Oda-Evraklar\u0131.doc\">F.50.1.2 Dernek \u0130ktisadi \u0130\u015fletmesi Oda Evraklar\u0131<\/a><\/p>\n<p><strong>F.50.2 VAKIF \u0130KT\u0130SAD\u0130 \u0130\u015eLETMES\u0130<\/strong><\/p>\n<p><a href=\"https:\/\/www.yenisehirtso.org.tr\/v5\/wp-content\/uploads\/2020\/06\/F.50.2-Vak\u0131f-\u0130ktisadi-\u0130\u015fletmesi-Kay\u0131t-Evraklar\u0131-D\u00f6k\u00fcman\u0131.doc\">F.50.2 Vak\u0131f \u0130ktisadi \u0130\u015fletmesi Kay\u0131t Evraklar\u0131 D\u00f6k\u00fcman\u0131<\/a><\/p>\n<p><a href=\"https:\/\/www.yenisehirtso.org.tr\/v5\/wp-content\/uploads\/2020\/06\/F.50.2.1-Vak\u0131f-\u0130ktisadi-\u0130\u015fletmesi-Tic.Sic_.-Evraklar\u0131.doc\">F.50.2.1 Vak\u0131f \u0130ktisadi \u0130\u015fletmesi Tic.Sic. Evraklar\u0131<\/a><\/p>\n<p><a href=\"https:\/\/www.yenisehirtso.org.tr\/v5\/wp-content\/uploads\/2020\/06\/F.50.2.2-Vak\u0131f-\u0130ktisadi-\u0130\u015fletmesi-Oda-Evraklar\u0131.doc\">F.50.2.2 Vak\u0131f \u0130ktisadi \u0130\u015fletmesi Oda Evraklar\u0131<\/a><\/p>\n<p><strong>F.50.3 BELED\u0130YE T\u0130CAR\u0130 \u0130\u015eLETMES\u0130<\/strong><\/p>\n<p><a href=\"https:\/\/www.yenisehirtso.org.tr\/v5\/wp-content\/uploads\/2020\/06\/F.50.3-Belediye-Ticari-\u0130\u015fletmesi-Kay\u0131t-Evraklar\u0131-D\u00f6k\u00fcman\u0131.doc\">F.50.3 Belediye Ticari \u0130\u015fletmesi Kay\u0131t Evraklar\u0131 D\u00f6k\u00fcman\u0131<\/a><\/p>\n<p><a href=\"https:\/\/www.yenisehirtso.org.tr\/v5\/wp-content\/uploads\/2020\/06\/F.50.3.1-Belediye-Ticari-\u0130\u015fletmesi-Tic.Sic_.-Evraklar\u0131.doc\">F.50.3.1 Belediye Ticari \u0130\u015fletmesi Tic.Sic. Evraklar\u0131<\/a><\/p>\n<p><a href=\"https:\/\/www.yenisehirtso.org.tr\/v5\/wp-content\/uploads\/2020\/06\/F.50.3.2-Belediye-Ticari-\u0130\u015fletmesi-Oda-Evraklar\u0131.doc\">F.50.3.2 Belediye Ticari \u0130\u015fletmesi Oda Evraklar\u0131<\/a><\/p>\n<p><strong>F.50.4 D\u0130\u011eER \u0130\u015eLETMELER<\/strong><\/p>\n<p><a href=\"https:\/\/www.yenisehirtso.org.tr\/v5\/wp-content\/uploads\/2020\/06\/F.50.4-Di\u011fer-\u0130ktisadi-\u0130\u015fletmesi-Kay\u0131t-Evraklar\u0131-D\u00f6k\u00fcman\u0131.doc\">F.50.4 Di\u011fer \u0130ktisadi \u0130\u015fletmesi Kay\u0131t Evraklar\u0131 D\u00f6k\u00fcman\u0131<\/a><\/p>\n<p><a href=\"https:\/\/www.yenisehirtso.org.tr\/v5\/wp-content\/uploads\/2020\/06\/F.50.4.1-Di\u011fer-\u0130ktisadi-\u0130\u015fletmesi-Tic.Sic_.-Evraklar\u0131.doc\">F.50.4.1 Di\u011fer \u0130ktisadi \u0130\u015fletmesi Tic.Sic. Evraklar\u0131<\/a><\/p>\n<p><a href=\"https:\/\/www.yenisehirtso.org.tr\/v5\/wp-content\/uploads\/2020\/06\/F.50.4.2-Di\u011fer-\u0130ktisadi-\u0130\u015fletmesi-Oda-Evraklar\u0131.doc\">F.50.4.2 Di\u011fer \u0130ktisadi \u0130\u015fletmesi Oda Evraklar\u0131<\/a><\/p>\n","protected":false},"excerpt":{"rendered":"<p>F.50 DERNEK-VAKIF VE BENZER\u0130 \u0130\u015eLETMELER F.50.1 DERNEK \u0130KT\u0130SAD\u0130 \u0130\u015eLETMES\u0130 F.50.1 Dernek \u0130ktisadi \u0130\u015fletmesi Kay\u0131t Evraklar\u0131 D\u00f6k\u00fcman\u0131 F.50.1.1 Dernek \u0130ktisadi \u0130\u015fletmesi Tic.Sic. Evraklar\u0131 F.50.1.2 Dernek \u0130ktisadi \u0130\u015fletmesi Oda Evraklar\u0131 F.50.2 VAKIF [&hellip;]<\/p>\n","protected":false},"author":1,"featured_media":0,"parent":0,"menu_order":0,"comment_status":"closed","ping_status":"closed","template":"","meta":[],"_links":{"self":[{"href":"https:\/\/www.yenisehirtso.org.tr\/v5\/wp-json\/wp\/v2\/pages\/10568"}],"collection":[{"href":"https:\/\/www.yenisehirtso.org.tr\/v5\/wp-json\/wp\/v2\/pages"}],"about":[{"href":"https:\/\/www.yenisehirtso.org.tr\/v5\/wp-json\/wp\/v2\/types\/page"}],"author":[{"embeddable":true,"href":"https:\/\/www.yenisehirtso.org.tr\/v5\/wp-json\/wp\/v2\/users\/1"}],"replies":[{"embeddable":true,"href":"https:\/\/www.yenisehirtso.org.tr\/v5\/wp-json\/wp\/v2\/comments?post=10568"}],"version-history":[{"count":7,"href":"https:\/\/www.yenisehirtso.org.tr\/v5\/wp-json\/wp\/v2\/pages\/10568\/revisions"}],"predecessor-version":[{"id":10768,"href":"https:\/\/www.yenisehirtso.org.tr\/v5\/wp-json\/wp\/v2\/pages\/10568\/revisions\/10768"}],"wp:attachment":[{"href":"https:\/\/www.yenisehirtso.org.tr\/v5\/wp-json\/wp\/v2\/media?parent=10568"}],"curies":[{"name":"wp","href":"https:\/\/api.w.org\/{rel}","templated":true}]}}